{"id":3262,"date":"2022-12-01T14:28:40","date_gmt":"2022-12-01T14:28:40","guid":{"rendered":"https:\/\/www.katheraugenstein.com\/?page_id=3262"},"modified":"2023-04-18T21:28:51","modified_gmt":"2023-04-18T21:28:51","slug":"legal-notice","status":"publish","type":"page","link":"https:\/\/www.katheraugenstein.com\/en\/legal-notice\/","title":{"rendered":"Legal Notice"},"content":{"rendered":"\t<section class=\"section text-box text-box--variant-1 \">\n\t\t\t\t\t<h2 class=\"h1\">\t\t\t\tLegal Notice<\/h2>\n\t\t\n\t\t<p>The firm Kather Augenstein Rechtsanw\u00e4lte PartGmbB is a partnership with limited professional liability based in Dusseldorf, Germany, registered in the partnership register of the District Court of Essen under number PR 3518. For the contact details for Kather Augenstein Rechtsanw\u00e4lte PartGmbB see the section\u00a0\u201cContact\u201d.<\/p>\n<p>The\u00a0<strong>value added tax identification number<\/strong>\u00a0of Kather Augenstein Rechtsanw\u00e4lte PartGmbB is DE300710641<\/p>\n<p><strong>Responsible according to \u00a7 55 II RStV:<\/strong><br \/>Miriam Kiefer LL.M.<\/p>\n<p><strong>Authorised representative according to Section 5 TMG:<\/strong><\/p>\n<p>Miriam Kiefer LL.M., Kather Augenstein Rechtsanw\u00e4lte PartGmbB,<br \/>Bahnstr. 16, 40212 Dusseldorf<br \/>E-mail:\u00a0<a href=\"mailto:kiefer@katheraugenstein.com\">kiefer@katheraugenstein.com<\/a><\/p>\n\t\t\t\t\t\t\t\t<p><strong>Admission to the bar<\/strong><\/p><p>The lawyers at Kather Augenstein Rechtsanw\u00e4lte PartGmbB are admitted to the bar in the Federal Republic of Germany as members of the Dusseldorf Bar Association:<\/p><p>Rechtsanwaltskammer D\u00fcsseldorf<\/p><p>Freiligrathstra\u00dfe 25, 40479 D\u00fcsseldorf<\/p><p>Phone: 0211\/49 5 02-0<\/p><p>Fax: 0211\/49 5 02-28<\/p><p>E-mail:\u00a0<a href=\"mailto:info@rechtsanwaltskammer-duesseldorf.de\">info@rechtsanwaltskammer-duesseldorf.de<\/a><\/p>\t\t\t\t\t\t\t\t<p><strong>Professional Regulations<\/strong><\/p><p>Lawyers:<\/p><p>\u00b7\u00a0\u00a0\u00a0\u00a0\u00a0\u00a0 BRAO \u2013 Bundesrechtsanwaltsordnung [German Federal Code for the Legal Profession]<\/p><p>\u00b7\u00a0\u00a0\u00a0\u00a0\u00a0\u00a0 BORA \u2013 Berufsordnung f\u00fcr Rechtsanw\u00e4lte [German Professional Code for Lawyers]<\/p><p>\u00b7\u00a0\u00a0\u00a0\u00a0\u00a0\u00a0 Fachanwaltsordnung (FAO) [German Professional Code for Specialist Lawyers]<\/p><p>\u00b7\u00a0\u00a0\u00a0\u00a0\u00a0\u00a0 Rechtsanwaltsverg\u00fctungsgesetz (RVG) [Law on the remuneration of lawyers]<\/p><p>\u00b7\u00a0\u00a0\u00a0\u00a0\u00a0\u00a0 Berufsregeln der Rechtsanw\u00e4lte der Europ\u00e4ischen Gemeinschaft(CCBE) [Code of Conduct of the Council of the Bars and Law       Societies of the European Union]<\/p><p>\u00b7\u00a0\u00a0\u00a0\u00a0\u00a0\u00a0 Gesetz \u00fcber die T\u00e4tigkeit europ\u00e4ischer Rechtsanw\u00e4lte in Deutschland (EuRAG) [Act on the Work of European Lawyers in Germany] dated 09 March 2000 (BGBl. I p. 182)<\/p><p>The above laws and regulations are available from the Federal Bar Association or the local bar association.<\/p>\t\t\t\t\t\t\t\t<p><strong>Professional Liability Insurance<\/strong><\/p><p>Professional liability cover is provided by Liberty Mutual Insurance Europe Ltd, Head Office Germany, Cologne Tower, 37th floor, Im Mediapark 8, 50670 Cologne<\/p><p>The insurance cover does not apply to liability claims arising from activities related to consultation and engagement with non-European law or before non-European courts, Europe including all EU and EEA member States, and Switzerland.<\/p><p>Lawyers are obliged to maintain professional liability insurance with a minimum coverage of EUR 250,000 under BRAO regulations. The details are provided in Section 51 BRAO.<\/p><p>BORA \u2013 Professional Code for Lawyers<\/p>\t\t\t\t\t\t\t\t<p><strong>Note for Extrajudicial Dispute Resolution<\/strong><\/p><p>Disputes between lawyers and their clients are entitled to extrajudicial mediation at the respective bar associations at their request (in accordance with Section 73 para. 2 no. 3 in conjunction with Section 73 para 5 BRAO) or at the conciliation body (Section 191 et seq. BRAO) of the Federal Chamber of Lawyers,(<a href=\"http:\/\/www.brak.de\/\" target=\"_blank\" rel=\"noreferrer noopener\">www.brak.de<\/a>), e-Mail:\u00a0<a href=\"mailto:schlichtungsstelle@brak.de\" target=\"_blank\" rel=\"noreferrer noopener\">schlichtungsstelle@brak.de<\/a>.<\/p><p><\/p>\t\t\t\t\t\t\t\t<p><strong>Disclaimer<\/strong><\/p><p>Kather Augenstein Rechtsanw\u00e4lte PartGmbB compile the information on these Internet pages with great care, and update it periodically. The above information is only intended for the purposes of general information, and do not constitute legal advice.<\/p><p>We assume no responsibility for the timeliness, accuracy and completeness of information on these pages, or for uninterrupted access to them. When we refer to third party websites (links), Kather Augenstein Rechtsanw\u00e4lte PartGmbB assumes no responsibility for the contents of any linked site. By activation of the link you are departing from the information provided by us. Third party pages may be subject to different rules, especially regarding data protection. We also exclude our liability for services for negligent breaches of duty, in particular when downloading files, unless they relate to contractual obligations such as life, health or body, or claims under the Product Liability Act. The same applies to breaches of duty by our vicarious agents.<\/p>\t\t\n\t\t\t<\/section>\n","protected":false},"excerpt":{"rendered":"","protected":false},"author":4,"featured_media":0,"parent":0,"menu_order":10,"comment_status":"closed","ping_status":"closed","template":"","meta":{"_acf_changed":false,"inline_featured_image":false,"footnotes":""},"class_list":["post-3262","page","type-page","status-publish","hentry"],"acf":[],"_links":{"self":[{"href":"https:\/\/www.katheraugenstein.com\/en\/wp-json\/wp\/v2\/pages\/3262","targetHints":{"allow":["GET"]}}],"collection":[{"href":"https:\/\/www.katheraugenstein.com\/en\/wp-json\/wp\/v2\/pages"}],"about":[{"href":"https:\/\/www.katheraugenstein.com\/en\/wp-json\/wp\/v2\/types\/page"}],"author":[{"embeddable":true,"href":"https:\/\/www.katheraugenstein.com\/en\/wp-json\/wp\/v2\/users\/4"}],"replies":[{"embeddable":true,"href":"https:\/\/www.katheraugenstein.com\/en\/wp-json\/wp\/v2\/comments?post=3262"}],"version-history":[{"count":5,"href":"https:\/\/www.katheraugenstein.com\/en\/wp-json\/wp\/v2\/pages\/3262\/revisions"}],"predecessor-version":[{"id":4432,"href":"https:\/\/www.katheraugenstein.com\/en\/wp-json\/wp\/v2\/pages\/3262\/revisions\/4432"}],"wp:attachment":[{"href":"https:\/\/www.katheraugenstein.com\/en\/wp-json\/wp\/v2\/media?parent=3262"}],"curies":[{"name":"wp","href":"https:\/\/api.w.org\/{rel}","templated":true}]}}

<section class="section text-box text-box--variant-1 ">
					<h2 class="h1">				Legal Notice</h2>
		
		<p>The firm Kather Augenstein Rechtsanwälte PartGmbB is a partnership with limited professional liability based in Dusseldorf, Germany, registered in the partnership register of the District Court of Essen under number PR 3518. For the contact details for Kather Augenstein Rechtsanwälte PartGmbB see the section “Contact”.</p>
<p>The <strong>value added tax identification number</strong> of Kather Augenstein Rechtsanwälte PartGmbB is DE300710641</p>
<p><strong>Responsible according to § 55 II RStV:</strong><br />Miriam Kiefer LL.M.</p>
<p><strong>Authorised representative according to Section 5 TMG:</strong></p>
<p>Miriam Kiefer LL.M., Kather Augenstein Rechtsanwälte PartGmbB,<br />Bahnstr. 16, 40212 Dusseldorf<br />E-mail: <a href="mailto:kiefer@katheraugenstein.com">kiefer@katheraugenstein.com</a></p>
								<p><strong>Admission to the bar</strong></p><p>The lawyers at Kather Augenstein Rechtsanwälte PartGmbB are admitted to the bar in the Federal Republic of Germany as members of the Dusseldorf Bar Association:</p><p>Rechtsanwaltskammer Düsseldorf</p><p>Freiligrathstraße 25, 40479 Düsseldorf</p><p>Phone: 0211/49 5 02-0</p><p>Fax: 0211/49 5 02-28</p><p>E-mail: <a href="mailto:info@rechtsanwaltskammer-duesseldorf.de">info@rechtsanwaltskammer-duesseldorf.de</a></p>								<p><strong>Professional Regulations</strong></p><p>Lawyers:</p><p>·       BRAO – Bundesrechtsanwaltsordnung [German Federal Code for the Legal Profession]</p><p>·       BORA – Berufsordnung für Rechtsanwälte [German Professional Code for Lawyers]</p><p>·       Fachanwaltsordnung (FAO) [German Professional Code for Specialist Lawyers]</p><p>·       Rechtsanwaltsvergütungsgesetz (RVG) [Law on the remuneration of lawyers]</p><p>·       Berufsregeln der Rechtsanwälte der Europäischen Gemeinschaft(CCBE) [Code of Conduct of the Council of the Bars and Law       Societies of the European Union]</p><p>·       Gesetz über die Tätigkeit europäischer Rechtsanwälte in Deutschland (EuRAG) [Act on the Work of European Lawyers in Germany] dated 09 March 2000 (BGBl. I p. 182)</p><p>The above laws and regulations are available from the Federal Bar Association or the local bar association.</p>								<p><strong>Professional Liability Insurance</strong></p><p>Professional liability cover is provided by Liberty Mutual Insurance Europe Ltd, Head Office Germany, Cologne Tower, 37th floor, Im Mediapark 8, 50670 Cologne</p><p>The insurance cover does not apply to liability claims arising from activities related to consultation and engagement with non-European law or before non-European courts, Europe including all EU and EEA member States, and Switzerland.</p><p>Lawyers are obliged to maintain professional liability insurance with a minimum coverage of EUR 250,000 under BRAO regulations. The details are provided in Section 51 BRAO.</p><p>BORA – Professional Code for Lawyers</p>								<p><strong>Note for Extrajudicial Dispute Resolution</strong></p><p>Disputes between lawyers and their clients are entitled to extrajudicial mediation at the respective bar associations at their request (in accordance with Section 73 para. 2 no. 3 in conjunction with Section 73 para 5 BRAO) or at the conciliation body (Section 191 et seq. BRAO) of the Federal Chamber of Lawyers,(<a href="http://www.brak.de/" target="_blank" rel="noreferrer noopener">www.brak.de</a>), e-Mail: <a href="mailto:schlichtungsstelle@brak.de" target="_blank" rel="noreferrer noopener">schlichtungsstelle@brak.de</a>.</p><p></p>								<p><strong>Disclaimer</strong></p><p>Kather Augenstein Rechtsanwälte PartGmbB compile the information on these Internet pages with great care, and update it periodically. The above information is only intended for the purposes of general information, and do not constitute legal advice.</p><p>We assume no responsibility for the timeliness, accuracy and completeness of information on these pages, or for uninterrupted access to them. When we refer to third party websites (links), Kather Augenstein Rechtsanwälte PartGmbB assumes no responsibility for the contents of any linked site. By activation of the link you are departing from the information provided by us. Third party pages may be subject to different rules, especially regarding data protection. We also exclude our liability for services for negligent breaches of duty, in particular when downloading files, unless they relate to contractual obligations such as life, health or body, or claims under the Product Liability Act. The same applies to breaches of duty by our vicarious agents.</p>		
			</section>
