{"id":5729,"date":"2024-07-18T11:25:49","date_gmt":"2024-07-18T11:25:49","guid":{"rendered":"https:\/\/www.katheraugenstein.com\/upc-online-seminars\/"},"modified":"2025-06-18T07:11:53","modified_gmt":"2025-06-18T07:11:53","slug":"upc-online-seminare","status":"publish","type":"page","link":"https:\/\/www.katheraugenstein.com\/en\/upc-online-seminare\/","title":{"rendered":"UPC Online Seminare"},"content":{"rendered":"\t<section class=\"section big-visual parallax\" data-parallax-min-screen-width=\"768\">\n\t\t<picture class=\"big-visual__image-container\"><source srcset=\"https:\/\/www.katheraugenstein.com:443\/app\/uploads\/2302_KA_UPC_Pano_Desktop_Mann-1-414x221.jpg\" width=\"414\" height=\"221\" media=\"(max-width: 414px)\" \/><source srcset=\"https:\/\/www.katheraugenstein.com:443\/app\/uploads\/2302_KA_UPC_Pano_Desktop_Mann-1-767x410.jpg\" width=\"767\" height=\"410\" media=\"(max-width: 767px)\" \/><img fetchpriority=\"high\" decoding=\"async\" src=\"https:\/\/www.katheraugenstein.com:443\/app\/uploads\/2302_KA_UPC_Pano_Desktop_Mann-1-1917x650.jpg\" width=\"1917\" height=\"650\" alt=\"\" class=\"big-visual__image parallax__load-image\" loading=\"edge\" \/><\/picture>\n\t\t<div class=\"big-visual__content-container\">\n\t\t\t<div class=\"big-visual__content parallax__item\" data-parallax-type=\"move\" data-parallax-orientation=\"up\" data-parallax-distance=\"70%\">\n\t\t\t\t<p class=\"big-visual__title big-visual__title--small\"><\/p>\n\t\t\t\t<p class=\"big-visual__text\"><\/p>\n\t\t\t<\/div>\n\t\t<\/div>\n\t<\/section>\n\n\n\t\t<section class=\"section teaser-group teaser-group--variant-6 \">\n\t\t\t\t\t<div class=\"teaser-group__text-box text-box text-box--variant-1\">\n\t\t\t\t\t\t\t\t<p>Damit Sie sich vertieft mit allen Themen rund um das streitige Verfahren vor dem Einheitlichen Patentgericht befassen k\u00f6nnen, haben wir eine <strong>umfassende Seminarreihe<\/strong> aufgesetzt, in der wir nicht nur die Grundz\u00fcge eines Verfahrens vor dem Einheitlichen Patentgericht erl\u00e4utert haben, sondern die Teilnehmer durch alle prozessualen Feinheiten gef\u00fchrt haben. Die <strong>Seminarreihe behandelte das gesamte Verfahren vor dem Einheitlichen Patentgericht<\/strong> von der Vorbereitung einer Klage bis zur Vollstreckung einer Entscheidung. Die zugeh\u00f6rigen <strong>Videos<\/strong> stellen wir auf dieser Seite f\u00fcr Sie bereit, damit Sie jederzeit darauf zur\u00fcckgreifen k\u00f6nnen.<\/p>\n<p>&nbsp;<\/p>\t\t\t<\/div>\n\t\t\n\t\t<div class=\"teaser-group__articles\">\n\t\t\t\t\t\t\t\t\t\t\t\t\t\t\t\t\t\t<article class=\"teaser-group__item\">\n\t\t\t\t\t\t\t<picture class=\"teaser-group__image-container\"><source srcset=\"https:\/\/www.katheraugenstein.com:443\/app\/uploads\/augenstein_514x239-1-370x172.jpg\" width=\"370\" height=\"172\" media=\"(max-width: 414px)\" \/><source srcset=\"https:\/\/www.katheraugenstein.com:443\/app\/uploads\/augenstein_514x239-1.jpg\" width=\"514\" height=\"239\" media=\"(max-width: 767px)\" \/><source srcset=\"https:\/\/www.katheraugenstein.com:443\/app\/uploads\/augenstein_514x239-1.jpg\" width=\"514\" height=\"239\" media=\"(max-width: 1299px)\" \/><img decoding=\"async\" src=\"https:\/\/www.katheraugenstein.com:443\/app\/uploads\/augenstein_514x239-1-514x239.jpg\" width=\"514\" height=\"239\" alt=\"\" class=\"teaser-group__image\" loading=\"lazy\" \/><\/picture>\t\t\t\t\t\t\t\t\t\t\t\t\t\t\t<p class=\"text--topline\">22.04.2022 I Dr. Christof Augenstein<\/p>\n\t\t\t\t\t\t\t\t\t\t\t\t\t\t<h3 class=\"h3\">UPC \u00dcberblick<\/h3>\n\t\t\t\t\t\t\t<p>\u2022 \u00dcberblick \u00fcber die aktuellen Entwicklungen und n\u00e4chsten Schritte\n\u2022 Rechtsstreitigkeiten unter dem UPC: Die Struktur und \u00fcblicher Verfahrensgang\n\u2022 F\u00fcr und Wider des Opt-Out: Taktische und strategische \u00dcberlegungen auf Unternehmensseite<\/p>\n\t\t\t\t\t\t\t<p><a href=\"https:\/\/vimeo.com\/705369531\/7e94e768c5\" class=\"teaser-group__link\">ansehen<\/a><\/p>\n\t\t\t\t\t\t<\/article>\n\t\t\t\t\t\t\t\t\t\t\t\t\t\t\t\t\t\t\t\t\t\t\t\t\t\t\t<article class=\"teaser-group__item\">\n\t\t\t\t\t\t\t<picture class=\"teaser-group__image-container\"><source srcset=\"https:\/\/www.katheraugenstein.com:443\/app\/uploads\/kiefer_m_514x239-2-370x172.jpg\" width=\"370\" height=\"172\" media=\"(max-width: 414px)\" \/><source srcset=\"https:\/\/www.katheraugenstein.com:443\/app\/uploads\/kiefer_m_514x239-2.jpg\" width=\"514\" height=\"239\" media=\"(max-width: 767px)\" \/><source srcset=\"https:\/\/www.katheraugenstein.com:443\/app\/uploads\/kiefer_m_514x239-2.jpg\" width=\"514\" height=\"239\" media=\"(max-width: 1299px)\" \/><img decoding=\"async\" src=\"https:\/\/www.katheraugenstein.com:443\/app\/uploads\/kiefer_m_514x239-2-514x239.jpg\" width=\"514\" height=\"239\" alt=\"\" class=\"teaser-group__image\" loading=\"lazy\" \/><\/picture>\t\t\t\t\t\t\t\t\t\t\t\t\t\t\t<p class=\"text--topline\">25.05.2022 I Miriam Kiefer LL.M.<\/p>\n\t\t\t\t\t\t\t\t\t\t\t\t\t\t<h3 class=\"h3\">Materielles Recht im UPC Agreement<\/h3>\n\t\t\t\t\t\t\t<p>\u2022 Anwendung der materiellen Regelungen des UPC-Agreements auf nationale Verfahren\n\u2022 Unterschiede zum nationalen deutschen Recht, insbesondere mittelbare Patentverletzung\n\u2022 Ermessensentscheidungen des Gerichts zu Anspr\u00fcchen des Patentinhabers, insbesondere zum Unterlassungsanspruch\n\u2022 Verj\u00e4hrung<\/p>\n\t\t\t\t\t\t\t<p><a href=\"https:\/\/vimeo.com\/714412470\/44414d64b3\" class=\"teaser-group__link\">ansehen<\/a><\/p>\n\t\t\t\t\t\t<\/article>\n\t\t\t\t\t\t\t\t\t\t\t\t\t\t\t\t\t\t\t\t\t\t\t\t\t\t\t<article class=\"teaser-group__item\">\n\t\t\t\t\t\t\t<picture class=\"teaser-group__image-container\"><source srcset=\"https:\/\/www.katheraugenstein.com:443\/app\/uploads\/weber_514x239-2-370x172.jpg\" width=\"370\" height=\"172\" media=\"(max-width: 414px)\" \/><source srcset=\"https:\/\/www.katheraugenstein.com:443\/app\/uploads\/weber_514x239-2.jpg\" width=\"514\" height=\"239\" media=\"(max-width: 767px)\" \/><source srcset=\"https:\/\/www.katheraugenstein.com:443\/app\/uploads\/weber_514x239-2.jpg\" width=\"514\" height=\"239\" media=\"(max-width: 1299px)\" \/><img decoding=\"async\" src=\"https:\/\/www.katheraugenstein.com:443\/app\/uploads\/weber_514x239-2-514x239.jpg\" width=\"514\" height=\"239\" alt=\"\" class=\"teaser-group__image\" loading=\"lazy\" \/><\/picture>\t\t\t\t\t\t\t\t\t\t\t\t\t\t\t<p class=\"text--topline\">22.06.2022 I Christopher Weber<\/p>\n\t\t\t\t\t\t\t\t\t\t\t\t\t\t<h3 class=\"h3\">Allgemeine Verfahrensregeln<\/h3>\n\t\t\t\t\t\t\t<p>\u2022 Allgemeine Regeln der Verfahrensf\u00fchrung (Case Management, Rules 331 ff.)\n\u2022 Klage\u00e4nderung, R. 263, Rechtliches Geh\u00f6r, Rule 264, Klager\u00fccknahme, Rule 265\n\u2022 Verbindung und Trennung von Verfahren\n\u2022 Mehrheit von Parteien<\/p>\n\t\t\t\t\t\t\t<p><a href=\"https:\/\/vimeo.com\/734313918\/b652b930d4\" class=\"teaser-group__link\">ansehen<\/a><\/p>\n\t\t\t\t\t\t<\/article>\n\t\t\t\t\t\t\t\t\t\t\t\t\t\t<\/div>\n\n\t\t\n\t\t\t<\/section>\n\n\n<section class=\"section big-teaser parallax\" data-parallax-min-screen-width=\"1300\">\n\t<picture class=\"big-teaser__image-container\"><source srcset=\"https:\/\/www.katheraugenstein.com:443\/app\/uploads\/2022\/12\/KA-6727-1-1299x650.jpg\" width=\"1299\" height=\"650\" media=\"(max-width: 414px)\" \/><source srcset=\"https:\/\/www.katheraugenstein.com:443\/app\/uploads\/2022\/12\/KA-6727-1-1299x650.jpg\" width=\"1299\" height=\"650\" media=\"(max-width: 767px)\" \/><source srcset=\"https:\/\/www.katheraugenstein.com:443\/app\/uploads\/2022\/12\/KA-6727-1-1299x650.jpg\" width=\"1299\" height=\"650\" media=\"(max-width: 1299px)\" \/><img decoding=\"async\" src=\"https:\/\/www.katheraugenstein.com:443\/app\/uploads\/2022\/12\/KA-6727-1.jpg\" width=\"1920\" height=\"650\" alt=\"\" class=\"big-teaser__image parallax__load-image\" loading=\"lazy\" \/><\/picture>\n\t<div class=\"big-teaser__content-container\">\n\t\t<div class=\"big-teaser__content parallax__item\" data-parallax-type=\"class\">\n\t\t\t\t\t\t\t<p class=\"text--topline\">05.02.2025 I Veranstaltung<\/p>\n\t\t\t\t\t\t\t\t\t\t<h2 class=\"h3\">Seminarreihe: UPC Update<\/h2>\n\t\t\t\t\t\t<p>Am 25.06.2025 wird Ihnen unser Partner S\u00f6ren Dahm einen \u00dcberblick zu neuesten Entwicklungen und Entscheidungen des Einheitlichen Patentgerichts seit unserem letzten UPC Update Online Seminar im Mai 2025 erl\u00e4utern. So bleiben Sie \u00fcber die Rechtsprechung des neuen Gerichtssystems bestens informiert.<\/p>\n\t\t\t\t\t\t\t<p><a href=\"https:\/\/attendee.gotowebinar.com\/register\/2077098859031130972\" class=\"button button--primary\">ANMELDEN<\/a><\/p>\n\t\t\t\t\t<\/div>\n\t<\/div>\n\n\t<\/section>\n\n\n<section class=\"section big-teaser parallax\" data-parallax-min-screen-width=\"1300\">\n\t<picture class=\"big-teaser__image-container\"><source srcset=\"https:\/\/www.katheraugenstein.com:443\/app\/uploads\/mood_2_1920x650-1299x650.jpg\" width=\"1299\" height=\"650\" media=\"(max-width: 414px)\" \/><source srcset=\"https:\/\/www.katheraugenstein.com:443\/app\/uploads\/mood_2_1920x650-1299x650.jpg\" width=\"1299\" height=\"650\" media=\"(max-width: 767px)\" \/><source srcset=\"https:\/\/www.katheraugenstein.com:443\/app\/uploads\/mood_2_1920x650-1299x650.jpg\" width=\"1299\" height=\"650\" media=\"(max-width: 1299px)\" \/><img decoding=\"async\" src=\"https:\/\/www.katheraugenstein.com:443\/app\/uploads\/mood_2_1920x650.jpg\" width=\"1920\" height=\"650\" alt=\"\" class=\"big-teaser__image parallax__load-image\" loading=\"lazy\" \/><\/picture>\n\t<div class=\"big-teaser__content-container\">\n\t\t<div class=\"big-teaser__content parallax__item\" data-parallax-type=\"class\">\n\t\t\t\t\t\t\t\t\t\t<h2 class=\"h3\">Noch Fragen?<\/h2>\n\t\t\t\t\t\t<p>Sollten Sie Fragen im Zusammenhang mit einem Verfahren vor dem UPC haben, sprechen Sie uns gerne an.<\/p>\n\t\t\t\t\t\t\t<p><a href=\"https:\/\/www.katheraugenstein.com\/team\/\" class=\"button button--primary\">Team<\/a><\/p>\n\t\t\t\t\t<\/div>\n\t<\/div>\n\n\t<\/section>\n","protected":false},"excerpt":{"rendered":"","protected":false},"author":6,"featured_media":0,"parent":0,"menu_order":2,"comment_status":"closed","ping_status":"closed","template":"","meta":{"_acf_changed":false,"inline_featured_image":false,"footnotes":""},"class_list":["post-5729","page","type-page","status-publish","hentry"],"acf":[],"_links":{"self":[{"href":"https:\/\/www.katheraugenstein.com\/en\/wp-json\/wp\/v2\/pages\/5729","targetHints":{"allow":["GET"]}}],"collection":[{"href":"https:\/\/www.katheraugenstein.com\/en\/wp-json\/wp\/v2\/pages"}],"about":[{"href":"https:\/\/www.katheraugenstein.com\/en\/wp-json\/wp\/v2\/types\/page"}],"author":[{"embeddable":true,"href":"https:\/\/www.katheraugenstein.com\/en\/wp-json\/wp\/v2\/users\/6"}],"replies":[{"embeddable":true,"href":"https:\/\/www.katheraugenstein.com\/en\/wp-json\/wp\/v2\/comments?post=5729"}],"version-history":[{"count":12,"href":"https:\/\/www.katheraugenstein.com\/en\/wp-json\/wp\/v2\/pages\/5729\/revisions"}],"predecessor-version":[{"id":9287,"href":"https:\/\/www.katheraugenstein.com\/en\/wp-json\/wp\/v2\/pages\/5729\/revisions\/9287"}],"wp:attachment":[{"href":"https:\/\/www.katheraugenstein.com\/en\/wp-json\/wp\/v2\/media?parent=5729"}],"curies":[{"name":"wp","href":"https:\/\/api.w.org\/{rel}","templated":true}]}}

<section class="section big-visual parallax" data-parallax-min-screen-width="768">
		<picture class="big-visual__image-container"><source srcset="https://www.katheraugenstein.com:443/app/uploads/2302_KA_UPC_Pano_Desktop_Mann-1-414x221.jpg" width="414" height="221" media="(max-width: 414px)" /><source srcset="https://www.katheraugenstein.com:443/app/uploads/2302_KA_UPC_Pano_Desktop_Mann-1-767x410.jpg" width="767" height="410" media="(max-width: 767px)" /><img fetchpriority="high" decoding="async" src="https://www.katheraugenstein.com:443/app/uploads/2302_KA_UPC_Pano_Desktop_Mann-1-1917x650.jpg" width="1917" height="650" alt="" class="big-visual__image parallax__load-image" loading="edge" /></picture>
		<div class="big-visual__content-container">
			<div class="big-visual__content parallax__item" data-parallax-type="move" data-parallax-orientation="up" data-parallax-distance="70%">
				<p class="big-visual__title big-visual__title--small"></p>
				<p class="big-visual__text"></p>
			</div>
		</div>
	</section>


		<section class="section teaser-group teaser-group--variant-6 ">
					<div class="teaser-group__text-box text-box text-box--variant-1">
								<p>Damit Sie sich vertieft mit allen Themen rund um das streitige Verfahren vor dem Einheitlichen Patentgericht befassen können, haben wir eine <strong>umfassende Seminarreihe</strong> aufgesetzt, in der wir nicht nur die Grundzüge eines Verfahrens vor dem Einheitlichen Patentgericht erläutert haben, sondern die Teilnehmer durch alle prozessualen Feinheiten geführt haben. Die <strong>Seminarreihe behandelte das gesamte Verfahren vor dem Einheitlichen Patentgericht</strong> von der Vorbereitung einer Klage bis zur Vollstreckung einer Entscheidung. Die zugehörigen <strong>Videos</strong> stellen wir auf dieser Seite für Sie bereit, damit Sie jederzeit darauf zurückgreifen können.</p>
<p>&nbsp;</p>			</div>
		
		<div class="teaser-group__articles">
																		<article class="teaser-group__item">
							<picture class="teaser-group__image-container"><source srcset="https://www.katheraugenstein.com:443/app/uploads/augenstein_514x239-1-370x172.jpg" width="370" height="172" media="(max-width: 414px)" /><source srcset="https://www.katheraugenstein.com:443/app/uploads/augenstein_514x239-1.jpg" width="514" height="239" media="(max-width: 767px)" /><source srcset="https://www.katheraugenstein.com:443/app/uploads/augenstein_514x239-1.jpg" width="514" height="239" media="(max-width: 1299px)" /><img decoding="async" src="https://www.katheraugenstein.com:443/app/uploads/augenstein_514x239-1-514x239.jpg" width="514" height="239" alt="" class="teaser-group__image" loading="lazy" /></picture>															<p class="text--topline">22.04.2022 I Dr. Christof Augenstein</p>
														<h3 class="h3">UPC Überblick</h3>
							<p>• Überblick über die aktuellen Entwicklungen und nächsten Schritte
• Rechtsstreitigkeiten unter dem UPC: Die Struktur und üblicher Verfahrensgang
• Für und Wider des Opt-Out: Taktische und strategische Überlegungen auf Unternehmensseite</p>
							<p><a href="https://vimeo.com/705369531/7e94e768c5" class="teaser-group__link">ansehen</a></p>
						</article>
																											<article class="teaser-group__item">
							<picture class="teaser-group__image-container"><source srcset="https://www.katheraugenstein.com:443/app/uploads/kiefer_m_514x239-2-370x172.jpg" width="370" height="172" media="(max-width: 414px)" /><source srcset="https://www.katheraugenstein.com:443/app/uploads/kiefer_m_514x239-2.jpg" width="514" height="239" media="(max-width: 767px)" /><source srcset="https://www.katheraugenstein.com:443/app/uploads/kiefer_m_514x239-2.jpg" width="514" height="239" media="(max-width: 1299px)" /><img decoding="async" src="https://www.katheraugenstein.com:443/app/uploads/kiefer_m_514x239-2-514x239.jpg" width="514" height="239" alt="" class="teaser-group__image" loading="lazy" /></picture>															<p class="text--topline">25.05.2022 I Miriam Kiefer LL.M.</p>
														<h3 class="h3">Materielles Recht im UPC Agreement</h3>
							<p>• Anwendung der materiellen Regelungen des UPC-Agreements auf nationale Verfahren
• Unterschiede zum nationalen deutschen Recht, insbesondere mittelbare Patentverletzung
• Ermessensentscheidungen des Gerichts zu Ansprüchen des Patentinhabers, insbesondere zum Unterlassungsanspruch
• Verjährung</p>
							<p><a href="https://vimeo.com/714412470/44414d64b3" class="teaser-group__link">ansehen</a></p>
						</article>
																											<article class="teaser-group__item">
							<picture class="teaser-group__image-container"><source srcset="https://www.katheraugenstein.com:443/app/uploads/weber_514x239-2-370x172.jpg" width="370" height="172" media="(max-width: 414px)" /><source srcset="https://www.katheraugenstein.com:443/app/uploads/weber_514x239-2.jpg" width="514" height="239" media="(max-width: 767px)" /><source srcset="https://www.katheraugenstein.com:443/app/uploads/weber_514x239-2.jpg" width="514" height="239" media="(max-width: 1299px)" /><img decoding="async" src="https://www.katheraugenstein.com:443/app/uploads/weber_514x239-2-514x239.jpg" width="514" height="239" alt="" class="teaser-group__image" loading="lazy" /></picture>															<p class="text--topline">22.06.2022 I Christopher Weber</p>
														<h3 class="h3">Allgemeine Verfahrensregeln</h3>
							<p>• Allgemeine Regeln der Verfahrensführung (Case Management, Rules 331 ff.)
• Klageänderung, R. 263, Rechtliches Gehör, Rule 264, Klagerücknahme, Rule 265
• Verbindung und Trennung von Verfahren
• Mehrheit von Parteien</p>
							<p><a href="https://vimeo.com/734313918/b652b930d4" class="teaser-group__link">ansehen</a></p>
						</article>
														</div>

		
			</section>


<section class="section big-teaser parallax" data-parallax-min-screen-width="1300">
	<picture class="big-teaser__image-container"><source srcset="https://www.katheraugenstein.com:443/app/uploads/2022/12/KA-6727-1-1299x650.jpg" width="1299" height="650" media="(max-width: 414px)" /><source srcset="https://www.katheraugenstein.com:443/app/uploads/2022/12/KA-6727-1-1299x650.jpg" width="1299" height="650" media="(max-width: 767px)" /><source srcset="https://www.katheraugenstein.com:443/app/uploads/2022/12/KA-6727-1-1299x650.jpg" width="1299" height="650" media="(max-width: 1299px)" /><img decoding="async" src="https://www.katheraugenstein.com:443/app/uploads/2022/12/KA-6727-1.jpg" width="1920" height="650" alt="" class="big-teaser__image parallax__load-image" loading="lazy" /></picture>
	<div class="big-teaser__content-container">
		<div class="big-teaser__content parallax__item" data-parallax-type="class">
							<p class="text--topline">05.02.2025 I Veranstaltung</p>
										<h2 class="h3">Seminarreihe: UPC Update</h2>
						<p>Am 25.06.2025 wird Ihnen unser Partner Sören Dahm einen Überblick zu neuesten Entwicklungen und Entscheidungen des Einheitlichen Patentgerichts seit unserem letzten UPC Update Online Seminar im Mai 2025 erläutern. So bleiben Sie über die Rechtsprechung des neuen Gerichtssystems bestens informiert.</p>
							<p><a href="https://attendee.gotowebinar.com/register/2077098859031130972" class="button button--primary">ANMELDEN</a></p>
					</div>
	</div>

	</section>


<section class="section big-teaser parallax" data-parallax-min-screen-width="1300">
	<picture class="big-teaser__image-container"><source srcset="https://www.katheraugenstein.com:443/app/uploads/mood_2_1920x650-1299x650.jpg" width="1299" height="650" media="(max-width: 414px)" /><source srcset="https://www.katheraugenstein.com:443/app/uploads/mood_2_1920x650-1299x650.jpg" width="1299" height="650" media="(max-width: 767px)" /><source srcset="https://www.katheraugenstein.com:443/app/uploads/mood_2_1920x650-1299x650.jpg" width="1299" height="650" media="(max-width: 1299px)" /><img decoding="async" src="https://www.katheraugenstein.com:443/app/uploads/mood_2_1920x650.jpg" width="1920" height="650" alt="" class="big-teaser__image parallax__load-image" loading="lazy" /></picture>
	<div class="big-teaser__content-container">
		<div class="big-teaser__content parallax__item" data-parallax-type="class">
										<h2 class="h3">Noch Fragen?</h2>
						<p>Sollten Sie Fragen im Zusammenhang mit einem Verfahren vor dem UPC haben, sprechen Sie uns gerne an.</p>
							<p><a href="https://www.katheraugenstein.com/team/" class="button button--primary">Team</a></p>
					</div>
	</div>

	</section>
